12 - -159. Let w(a) = a**3 + 19. Let x be w(0). What is the highest common divisor of l and x?
19
Let y(l) = 5*l**3 + l - 1. Let j be y(1). Suppose -4*r - a = -44, -5*r - 2*a - 22 = -8*r. What is the greatest common divisor of r and j?
5
Suppose 4*r = -4*w + 3*w + 22, 24 = 3*r - 3*w. Suppose v = 5*h - 24 + 7, -4*v + 8 = -h. What is the greatest common factor of v and r?
3
Let g = -6 - -33. What is the greatest common divisor of g and 27?
27
Suppose 4*g + 0*g = -i + 28, 2*g = i - 10. Suppose 4*t = -1 + 5, 3*t = -4*v + 19. Suppose -v*u + 91 = -5. Calculate the greatest common divisor of u and i.
8
Let a be 1*(3 - 2 - -2). What is the highest common divisor of 12 and a?
3
Let i be 0/2 - (161 - 1)/(-2). Calculate the highest common factor of i and 20.
20
Let m(f) = 12*f + 4. Let p be m(3). Suppose -20 = -4*z, -5*z + 0*z - p = -x. Let v(n) = -n + 7. Let c be v(-6). What is the greatest common divisor of c and x?
13
Let q = -8 + 118. What is the greatest common divisor of q and 10?
10
Let q be 42/4 - (-4)/8. Calculate the highest common factor of q and 11.
11
Let x = 3 + -3. Suppose -b + 5*b - 288 = x. Let k be -1 + (20 - (1 - 0)). Calculate the greatest common divisor of k and b.
18
Suppose -31 = -6*d - 1. What is the greatest common factor of 5 and d?
5
Let j = 2 + 3. Suppose -4*t - 46 = -j*t. Let w = 65 - t. What is the greatest common divisor of w and 152?
19
Suppose 2*s = -z - 2*z - 1, 3*z - 3*s = 24. Suppose -z*x + 7*x = 176. Calculate the greatest common divisor of 11 and x.
11
Let w be (18/(-15))/((-4)/30). Let k be (2/(-6))/((-5)/675). Calculate the highest common divisor of w and k.
9
Let y = -91 + 92. Calculate the highest common divisor of 7 and y.
1
Let s = 62 - 34. What is the highest common factor of 252 and s?
28
Suppose -5*a = 5*m - 405, 5*m = -4*a + 7*a - 267. What is the greatest common factor of a and 12?
12
Let f = 27 + -26. Calculate the greatest common factor of f and 17.
1
Let b(d) = d**3 - 6*d**2 - 6*d + 5. Let f be 72/(-5) + (-4)/(-10). Let s = f - -21. Let t be b(s). What is the highest common factor of 96 and t?
12
Suppose 0 = 3*u - 5*u + 4. Suppose 0*o = o - u. Calculate the greatest common divisor of 16 and o.
2
Let i(w) = 5*w**2 + 7*w - 3. Let t be i(3). Calculate the greatest common factor of 7 and t.
7
Suppose 3*o - 3 = 0, o + 2*o = -4*w + 35. Let p be (-3)/(3*(-2)/w). Let s(r) = 3*r - 6. Let l be s(p). What is the highest common factor of l and 66?
6
Let p(i) = -i**2 - 6*i - 1. Suppose -j - 2*b = -0*j + 1, 3*b = 6. Let l be p(j). Calculate the greatest common factor of l and 20.
4
Let c(d) = d + 2. Suppose 4*k - 10 - 20 = -5*j, -3*k = 4*j - 23. Let v be -4*(15/(-4) + j). Let t be c(v). Calculate the greatest common factor of 99 and t.
9
Let t = -43 - -26. Let q be (-1 + t)/(6/4). Let y be (-2 - (-3)/(-2))*q. Calculate the highest common factor of 6 and y.
6
Let l be 962/39 - ((-3)/9 - 0). Calculate the highest common divisor of 10 and l.
5
Suppose 0 = 4*r - 10 - 46. Let a be 494/r - (-6)/(-21). What is the highest common factor of 5 and a?
5
Let p(k) = k - 2*k**3 + k**3 - 3*k**2 + 9*k**2. Let y be p(6). Let w be y/15*(-1 + 26). What is the greatest common divisor of w and 5?
5
Suppose 0 = 2*q + 6 - 46. What is the highest common factor of q and 5?
5
Suppose 0*w - 36 = -2*p + 5*w, -p + 5*w = -13. Suppose 4*z - p = 17. Calculate the greatest common factor of 15 and z.
5
Suppose 0 = -4*w + 2*w + 12. What is the greatest common factor of w and 54?
6
Suppose -33 = 3*h - 138. Calculate the highest common factor of h and 245.
35
Suppose 4*h = 78 + 30. Suppose -h = -t + 11. What is the greatest common factor of t and 57?
19
Let t be 1*2/(-4)*0. Suppose -d = -0*d - 8. Suppose t = 5*o - 27 - d. Calculate the highest common factor of o and 56.
7
Let y = 2 + -2. Suppose 4*l + l = y. Suppose 3*m - 32 = 4*p, 2*p + 24 = 2*m - l*p. Calculate the greatest common factor of m and 64.
16
Let y = 261 + 201. Calculate the highest common divisor of 42 and y.
42
Let k(p) = -p**3 - 4*p**2 + p - 6. Let y be k(-5). Let x = -83 + 415. Let l = x + -234. Calculate the highest common factor of l and y.
14
Let o(q) = -55*q - 1. Let h be o(-2). Let m = h - 54. Let d = 6 + 16. Calculate the greatest common factor of d and m.
11
Let x be 1 + 313/15 + (-8)/(-60). What is the greatest common factor of 33 and x?
11
Let n be (-18)/15*(-85)/2. Calculate the greatest common factor of n and 17.
17
Let j(q) = q**2 + 3*q + 6. Let m be j(-4). Suppose -4*z + 132 = -0*z - 4*i, 3*z = -5*i + 75. What is the greatest common factor of m and z?
10
Suppose 6 = -4*s + 4*l - 14, -5*s = -2*l + 22. Let b be (9 + -11)*18/s. What is the greatest common factor of 9 and b?
9
Let q(c) = c**3 + 4*c**2 - 6*c - 6. Let n(s) = -s - 14. Let l be n(-10). Let d be q(l). What is the greatest common divisor of 72 and d?
18
Suppose 2*f - 8 + 0 = 0. Suppose -f*m + 2 = -5*b, 4*m = b + 2*m + 4. What is the greatest common divisor of b and 4?
2
Suppose -5*p + 0*p - 2*u + 174 = 0, 3*u = -4*p + 135. Calculate the highest common divisor of p and 6.
6
Let w = 111 - 71. Calculate the greatest common factor of 5 and w.
5
Suppose 3*j - 1029 = -105. Suppose 2*b - j + 18 = 0. Let h = b - 103. What is the highest common divisor of h and 14?
14
Let k be (-22)/(-6) + (-12)/(-36). Suppose -h - k = -6. Calculate the highest common factor of 10 and h.
2
Let d(g) = 12*g**2 + 3*g. Let w be d(-4). Suppose -6*q + 2*q = -w. Let n be (9/(-6))/((-1)/12). What is the greatest common divisor of q and n?
9
Suppose 2*a - 185 = -5*u, u + a - 6*a = 64. Calculate the greatest common factor of 13 and u.
13
Suppose 5*u + h - 18 = 0, -4*u + 3*h + 4 = -18. Suppose 0*w + u*w = 588. Calculate the greatest common divisor of 21 and w.
21
Let h be 277/9 + (-14)/(-63). What is the highest common factor of 31 and h?
31
Suppose 295 = f + 2*j, 4*f - 1681 + 474 = j. What is the highest common factor of 43 and f?
43
Let x be (2 + -1 - -6) + 2. Suppose l - x = 27. Let q be 2/3*(-54)/(-4). What is the highest common divisor of q and l?
9
Let v = -118 - -126. What is the highest common factor of 56 and v?
8
Suppose s = -4*w + 5*s - 4, 0 = 5*w + 2*s - 30. Calculate the highest common factor of 12 and w.
4
Let c(j) = -j**3 - 7*j**2 - j + 3. Let z be c(-7). Suppose 4*r - r = 180. What is the greatest common factor of z and r?
10
Suppose 0 = -28*x + 27*x + 24. What is the greatest common divisor of x and 8?
8
Let v be (-1 - 3/(-6))*-2. Let x be 2 - -16 - 3 - v. Calculate the highest common divisor of x and 56.
14
Suppose b + 5*h = -120 + 37, -4*b - 4*h - 252 = 0. Let w = b + 84. What is the greatest common divisor of w and 130?
26
Let q be 2 - (1 + 4/(-4)). Suppose 2*c - c = -q*y + 191, -380 = -2*c - 3*y. What is the greatest common divisor of 17 and c?
17
Let f = -25 + 82. What is the highest common divisor of 76 and f?
19
Let p be 19 + -17 + (0 + -2)*-1. What is the highest common factor of 64 and p?
4
Suppose 4*r = -10 - 146. Let c be 3/((-9)/r) - -2. Let p = -1 - -31. Calculate the highest common factor of p and c.
15
Suppose -d + 7 = i - 5, 9 = -3*d. Calculate the greatest common divisor of i and 30.
15
Suppose y + 4*y = 0, 5*n + y = 0. Suppose -4*q = -n*q - 32. Let j be ((-18)/(-21))/(2/28). What is the highest common factor of q and j?
4
Let y(p) = p**3 + 17. Let z = -8 + 8. Let d be y(z). What is the greatest common divisor of 17 and d?
17
Suppose 2*c + 2 = c, -3*w - 5*c + 32 = 0. Calculate the highest common factor of 7 and w.
7
Let i = -12 + 16. Calculate the highest common divisor of 10 and i.
2
Let h = 82 - 53. Suppose 57 = -2*o + 7*o + v, h = 3*o - 2*v. Calculate the greatest common factor of o and 11.
11
Let z = -3 - 2. Let t(m) be the second derivative of m**4/12 - m**2 + m. Let p be t(z). What is the highest common factor of 207 and p?
23
Let a = 47 - -14. Suppose 0 = -2*j + a + 89. Calculate the highest common divisor of j and 15.
15
Suppose 4*k - 59 = j, 4*k - 56 = 4*j - 0*j. Suppose 2*y + 3 = k. What is the greatest common factor of 6 and y?
6
Suppose 0 = -5*u + s + 56, -4*u + 3*s - 15 = -51. Calculate the highest common divisor of 12 and u.
12
Suppose -135 = -9*q + 4*q. Let k = -16 + q. Suppose -330 - 33 = -3*g. Calculate the highest common divisor of k and g.
11
Suppose 6*l = -f + 4*l + 1, -2*f - 5*l + 2 = 0. Calcul